te the highest common factor of 30884405 and 665.
95
What is the greatest common factor of 3113803 and 32373?
1199
What is the highest common divisor of 77589 and 5476?
37
What is the highest common divisor of 419942863 and 3491?
3491
What is the highest common factor of 462498 and 87419?
19
Calculate the highest common factor of 258320004 and 12.
12
Calculate the greatest common factor of 21784781 and 137.
137
Calculate the greatest common factor of 78520 and 660660.
260
Calculate the greatest common divisor of 2416176 and 17442.
918
What is the highest common factor of 29206435 and 115?
115
Calculate the highest common divisor of 9 and 1065777066.
9
What is the greatest common factor of 3022885 and 115?
5
What is the greatest common divisor of 4940 and 12337650?
2470
What is the highest common factor of 3 and 76531023?
3
What is the greatest common divisor of 3023955 and 4140?
45
Calculate the highest common divisor of 32580 and 3041705.
905
What is the greatest common divisor of 6492 and 177846?
6
Calculate the greatest common divisor of 912153 and 1262316.
4323
What is the greatest common factor of 45528 and 499182?
1626
What is the highest common factor of 61768481 and 235?
47
Calculate the greatest common divisor of 833810 and 48185.
2095
What is the highest common factor of 2407442146 and 1622?
1622
Calculate the greatest common divisor of 98 and 11147402.
98
Calculate the greatest common divisor of 160 and 5615968.
32
What is the greatest common factor of 9243 and 17163?
9
Calculate the highest common divisor of 198764173 and 29.
29
Calculate the greatest common factor of 3612 and 107244924.
516
What is the greatest common factor of 182176560 and 304?
304
What is the greatest common factor of 18 and 1141713?
9
What is the greatest common divisor of 26187600 and 6000?
1200
Calculate the highest common factor of 1 and 2483786.
1
What is the greatest common factor of 493 and 11510972?
17
Calculate the highest common divisor of 9768 and 31781816.
3256
What is the highest common factor of 911488 and 27392?
128
Calculate the greatest common factor of 644 and 77944286.
322
Calculate the greatest common factor of 6 and 24188514.
6
Calculate the highest common factor of 3536 and 4226880.
272
What is the greatest common factor of 75 and 3686355?
15
Calculate the highest common divisor of 3610 and 30160220.
190
What is the greatest common factor of 80 and 398680?
40
What is the highest common factor of 969051 and 2091?
51
What is the highest common factor of 69246615 and 47410?
2155
What is the highest common factor of 110792 and 25784?
88
What is the greatest common factor of 1599188 and 1490116?
1604
Calculate the highest common factor of 772 and 65811456.
772
Calculate the highest common factor of 9526594 and 198.
22
What is the greatest common factor of 111 and 40668180?
111
Calculate the highest common divisor of 4552876 and 12.
4
What is the highest common factor of 21660652 and 10914?
3638
Calculate the greatest common divisor of 31 and 157194831.
31
Calculate the highest common factor of 10128 and 71192877.
633
What is the greatest common divisor of 19118 and 300322?
242
What is the greatest common divisor of 2616 and 7679704?
872
Calculate the greatest common divisor of 123 and 223729538.
41
What is the highest common factor of 17475402 and 10248?
2562
Calculate the greatest common divisor of 120 and 9883480.
40
What is the greatest common factor of 32625 and 10429425?
225
What is the highest common factor of 7 and 761348?
7
Calculate the greatest common factor of 34352 and 4745136.
304
Calculate the highest common factor of 10502 and 23482.
118
What is the greatest common factor of 59077880 and 12980?
1180
Calculate the highest common factor of 3475548 and 1275.
51
What is the highest common factor of 283716 and 1136?
284
Calculate the greatest common divisor of 19328300 and 80.
20
What is the greatest common factor of 825 and 88033?
11
Calculate the greatest common factor of 20995 and 4618237.
221
What is the highest common divisor of 994 and 4606?
14
Calculate the highest common divisor of 8584 and 2983199.
37
Calculate the greatest common divisor of 2204 and 43200604.
2204
What is the highest common divisor of 2418804 and 24?
12
Calculate the greatest common factor of 25025 and 3283665.
385
What is the highest common factor of 6348 and 127121?
23
Calculate the highest common divisor of 855567 and 27.
9
What is the greatest common factor of 24936453 and 62451?
2313
Calculate the highest common divisor of 2057 and 2904726.
121
What is the highest common divisor of 19593 and 253481172?
6531
Calculate the highest common factor of 194241344 and 2816.
704
What is the highest common factor of 96 and 498584304?
48
Calculate the greatest common factor of 61204 and 180523552.
4708
What is the greatest common factor of 2574 and 653526?
18
What is the greatest common divisor of 3907 and 1798?
1
Calculate the highest common factor of 1574640 and 288.
144
Calculate the highest common factor of 878020 and 4540.
20
Calculate the greatest common factor of 1874937 and 690.
69
What is the highest common factor of 14190 and 768410?
430
What is the greatest common divisor of 3080532 and 493644?
372
What is the greatest common factor of 32616 and 585888?
24
Calculate the greatest common divisor of 5836131 and 1679.
73
Calculate the highest common divisor of 1520234 and 6.
2
What is the greatest common factor of 39912444 and 936?
468
What is the highest common divisor of 3742 and 281853053?
1871
Calculate the highest common factor of 18384 and 116028318.
2298
What is the highest common factor of 30652270 and 10?
10
What is the greatest common factor of 4965003 and 174?
87
Calculate the highest common divisor of 38 and 11394566.
38
What is the greatest common divisor of 99870122 and 154?
22
What is the greatest common divisor of 175269743 and 4917?
1639
Calculate the highest common divisor of 973516 and 44204.
1028
Calculate the highest common divisor of 469204 and 177817.
41
What is the greatest common factor of 6320592 and 32?
16
Calculate the greatest common divisor of 6378297 and 1252599.
5241
Calculate the highest common divisor of 6165638 and 29014.
326
What is the highest common divisor of 763735 and 1505?
35
Calculate the greatest common factor of 32919172 and 494.
494
What is the greatest common divisor of 12225 and 431611775?
4075
What is the greatest common factor of 574 and 410354?
14
Calculate the greatest common factor of 54951 and 712023.
39
Calculate the highest common factor of 193717 and 31550.
631
Calculate the highest common divisor of 90958 and 195177.
89
What is the greatest common divisor of 17922 and 1104378?
174
What is the highest common factor of 120 and 2102352?
24
Calculate the highest common divisor of 7362013 and 24053.
359
Calculate the greatest common divisor of 213993 and 42811.
31
Calculate the highest common factor of 679 and 244643021.
679
What is the greatest common factor of 2200 and 7380650?
50
What is the highest common divisor of 672 and 13431012?
84
What is the greatest common factor of 644405 and 21181?
359
Calculate the greatest common divisor of 20 and 19445870.
10
Calculate the greatest common factor of 108058 and 54586.
1114
Calculate the greatest common divisor of 3240 and 359840.
40
Calculate the highest common factor of 67158 and 258.
6
Calculate the highest common factor of 976217520 and 6060.
6060
Calculate the highest common factor of 515871109 and 247.
247
What is the greatest common divisor of 64 and 10538848?
32
What is the greatest common divisor of 44278375 and 129625?
7625
Calculate the greatest common factor of 27661 and 91540.
199
What is the greatest common factor of 50824842 and 59?
59
Calculate the greatest common divisor of 216726 and 377118.
246
Calculate the highest common divisor of 22925 and 9175.
25
What is the greatest common divisor of 39263048 and 611?
47
Calculate the highest common factor of 792 and 39463248.
264
Calculate the greatest common divisor of 15335 and 480.
5
What is the greatest common divisor of 4924 and 287863195?
1231
What is the highest common factor of 49601 and 986809?
193
Calculate the highest common factor of 122 and 30621207.
61
Calculate the highest common